
3, 31
Let c(n) = 2*n**2 + 3. Suppose 4*p - 303 = -103. Suppose -5*i - 10 = -p. What are the prime factors of c(i)?
131
Let o = 3001 + -2124. Let y be (-3)/(-1 + -5)*18. Suppose -o = -y*q + 185. List the prime factors of q.
2, 59
Let l(j) = j**2 + 6*j - 20. Let w be (-372)/(-17) + (-16)/(-136). Let t = w + -17. What are the prime factors of l(t)?
5, 7
Let a = -37736 - -57364. Suppose -a = 19*m - 33*m. List the prime factors of m.
2, 701
Suppose 3*a = -4*y + 17092, -5*a + 36358 = -4*y + 7882. What are the prime factors of a?
2, 89
Suppose -11*i = -6*i + h - 194313, -3*i + 116620 = -4*h. What are the prime factors of i?
2, 7, 347
Suppose 5*y + f - 2278 = 3*f, -y - 4*f + 460 = 0. Suppose -y*d = -459*d + 2301. List the prime factors of d.
13, 59
Let y(c) = -8*c - 70. Let i be y(-9). Suppose 5*x - 3*j - 4489 = 0, -i*j - 543 - 359 = -x. List the prime factors of x.
2, 7
Let l(x) = 200*x + 796. What are the prime factors of l(28)?
2, 3, 13, 41
Let m(u) = 81*u**2 - 2*u - 3. Let s be m(-2). Suppose -3*v = 2*v + 4*b - 1652, -b = -v + s. What are the prime factors of v?
2, 41
Let k(z) = 493*z - 38. Let q(h) = 21*h - 122. Let n be q(6). What are the prime factors of k(n)?
2, 967
Suppose 240 = -4*i + 8*i. Let s(b) = -i*b**3 + 6 - 2*b - 17 + 10. List the prime factors of s(-1).
61
Suppose -3*t + 167 + 64 = 0. Suppose 2*u - 46 = 82. Let d = t - u. What are the prime factors of d?
13
Let m = 211 - 145. Let c = 70 - m. What are the prime factors of c - (-7)/((-35)/(-680))?
2, 5, 7
Suppose 4*a - 66 = 2*v, -v + 0 = 5. Suppose 5*j - 7657 = -a*j. What are the prime factors of j?
13, 31
Let x(f) = 2*f - 2. Let d be x(2). Let k be (9/18)/(d/12). Suppose 5*w = -2*s + 2, -k*w - 1 - 1 = 2*s. List the prime factors of w.
2
Suppose -28*a + 142428 = -24*a. List the prime factors of a.
3, 11, 13, 83
Let u(n) = n**3 + 7*n**2 + 5*n - 3. Let l be u(-6). Suppose -l*s = j - 16, -4 = -j - s + 4. Suppose j*t - 139 - 161 = 0. List the prime factors of t.
3, 5
Let m(g) = 7 - 23*g + 55*g**2 + 12 + 27. List the prime factors of m(2).
2, 5, 11
Let t(l) be the third derivative of 11*l**5/60 - l**4/8 - 9*l**3/2 + 6*l**2 + l. List the prime factors of t(5).
233
Suppose 2*c - 6974 = b, 3*c + b - 17068 = -6612. List the prime factors of c.
2, 3, 7, 83
Suppose 2*i = 4*t - 58, 4*t + 1 = -2*i + 55. Suppose 4*a = -4, 0 = -n - 2*a + t + 78. What are the prime factors of n?
2, 47
Let k(p) = 26*p - 23*p - 3*p**3 - 5*p**2 - 13*p + 3. What are the prime factors of k(-6)?
3, 59
List the prime factors of 3 + (1 - -11) - -23209.
2, 2903
Suppose -216597 = -9*i - 58755. List the prime factors of i.
2, 3, 37, 79
Let t = 37 + -27. Suppose -12*i + 17*i = t. Suppose 3*n + i*n - 640 = 0. List the prime factors of n.
2
What are the prime factors of (304 - 309)*4513/10*-2?
4513
Let i be 221/442 + (-250)/(-4). Let j(x) = -x**2 + 4*x + 2. Let g be j(4). What are the prime factors of ((-7)/((-245)/i))/(g/30)?
3
Suppose 952 = 5*g - 5218. Let l = g + -132. List the prime factors of l.
2, 19, 29
Suppose 0 = -5*l + 4*r + 53, 6*l - 2*l + 5*r - 26 = 0. What are the prime factors of -4*l/6 - -513?
3, 13
Suppose -3*o + 1919 = k, -28*k + 26*k + o + 3810 = 0. What are the prime factors of k?
1907
Let u(y) = -y**3 + 39*y**2 - 5*y - 178. List the prime factors of u(36).
2, 5, 353
Suppose -o + 0*o - 5*n - 814 = 0, -5*o - 4070 = -n. Let y = o - -1201. Suppose 33 + y = 5*l. List the prime factors of l.
2, 3, 7
Let f be ((-3)/12)/(2/(-8)). Let s be (4/(-5))/f*(-55)/22. Suppose -590 = s*p - 7*p. What are the prime factors of p?
2, 59
Suppose 0 = 2*s - 3*o + 33, -s + 66 = -6*s + 2*o. List the prime factors of -834*(12/(-16) - 3/s).
3, 139
Suppose -2*j + 4*t = -33960, -4*j - 128*t + 67899 = -129*t. What are the prime factors of j?
2, 3, 23, 41
Let a be (-6)/10 - 636/(-10). Suppose a = -0*k + k. Let l = 205 - k. What are the prime factors of l?
2, 71
Suppose -1558*x + 1189 = -1529*x. Let o(m) = m**3 + 4*m**2 - 4*m - 5. Let g be o(4). Suppose -r + x = -g. List the prime factors of r.
2, 37
Suppose 0 = -4*w - 3*u + 56, -5*w - 2*u - 8 = -71. Let b(d) = d + 9. Let q be b(w). Suppose -4*p = -q, 2*p + 38 = -r + 135. What are the prime factors of r?
3, 29
List the prime factors of 2238/((-230)/30 - -8).
2, 3, 373
Let b(m) = m + 2. Let c be b(-2). Suppose -8*r + 4*r + 2280 = c. Suppose 3*l + r = 9*l. List the prime factors of l.
5, 19
Let d(x) = -x**3 + 13*x**2 - 12*x + 20. Let i be 4 + -1 - (-141 + 10). Let w = 144 - i. What are the prime factors of d(w)?
2, 5
Let x(y) = -2*y - 12. Let j be x(-2). List the prime factors of j/44 - (-1)/((-33)/(-26967)).
19, 43
Let q = 3977 - 2908. List the prime factors of q.
1069
Let c(f) = -f**2 + 4*f + 3. Let h be c(5). Let q(g) be the first derivative of -3*g**4/2 + 2*g**3/3 + 3*g**2/2 - 2*g + 54. List the prime factors of q(h).
2, 3
Let r(i) = 917*i + 60. List the prime factors of r(1).
977
Let x(l) = -121 + 6*l**2 - 16*l + 81 + 14*l. What are the prime factors of x(-6)?
2, 47
Let b = 246 + -396. Let v = -362 - b. Let m = -54 - v. List the prime factors of m.
2, 79
Let s = 3130 + -3133. Suppose -4*y - z - 1907 = 0, 5*y = -0*y - 4*z - 2370. List the prime factors of 8/(-10) + s/(30/y).
47
Suppose -5*v - 5*k + 2315 = 0, -8*k - 914 = -2*v - 6*k. Suppose 3*c - 1141 = -2*g, g - 118 - v = -4*c. List the prime factors of g.
2, 283
Let y = -52 - -118. Suppose -215 = -7*o - 180. Suppose -5*b - y - 54 = -o*f, 4*f - b = 102. What are the prime factors of f?
2, 13
Suppose 126*b - 1318340 = -19*b. List the prime factors of b.
2, 2273
Let g be 2/(2/1814*2) - 4. Let m = g + -436. What are the prime factors of m?
467
Let c = 148 + -162. Let x(j) = j**2 + 6*j + 69. What are the prime factors of x(c)?
181
Let i = -210 + 214. Suppose 5*y + 439 = -3*h + 2755, -i*y = -4*h + 3088. List the prime factors of h.
2, 193
Suppose 5*a - 11613 = -3*r, a - 2321 = -0*r - r. Suppose -2*p + 5*u = -909, -5*p + a = -2*u - 0*u. List the prime factors of p.
467
Let i = -443 + 1595. Suppose -2*b = -4*k - 4*b + 1140, 4*k = b + i. What are the prime factors of k?
7, 41
Let k(i) = -i**2 + 15*i - 32. Let f be k(4). Suppose f*j - 5888 = -11*j. List the prime factors of j.
2
Let j(b) = 2599*b**2 - 10*b + 8. Let i be j(2). Suppose 0 = -12*u - 4*u + i. List the prime factors of u.
11, 59
Suppose -3*s - 324 = 4*d - d, 0 = -5*s + 4*d - 513. Suppose -g = 2*g + 564. Let f = s - g. What are the prime factors of f?
83
Let u be (-4)/22 - (-480)/220. Suppose -u*l + 42 = 4*l. Suppose -l*o = -439 + 19. What are the prime factors of o?
2, 3, 5
Let p be (620/16)/5*8. Let s be (-13)/(-78) - p/12. Let w(z) = -z**3 + 4*z**2 + 13*z + 5. List the prime factors of w(s).
3, 5, 11
Let u(b) = 2*b**2 + 67*b - 22. Let f be u(-22). Let y = f + 882. What are the prime factors of y?
2, 3, 59
Suppose 5311 + 8032 = 64*v - 545. List the prime factors of v.
7, 31
Suppose 0 = 2*a + 2*f - 102626, -4*a + 48347 = -3*f - 156849. List the prime factors of a.
5, 31, 331
List the prime factors of ((-40)/(-15))/((-28)/(-34566)).
2, 823
Suppose 12 = -3*m, 0*m - 304 = -4*d - 3*m. Let o be d/11 - 6/33. Suppose o*j = 610 + 594. What are the prime factors of j?
2, 43
Let y(x) = x**3 - 8*x**2 + 6*x + 7. Let o = 13 + -11. Let w(c) = c**3 - c**2 + c. Let k(j) = o*w(j) - y(j). List the prime factors of k(-6).
17
Let u(n) = 2*n**3 - 10*n**2 - 24*n + 7. Let z be u(8). Suppose 13*q + z = 14928. What are the prime factors of q?
11, 103
Suppose -312 = j + 43. Let w = -280 - j. List the prime factors of w.
3, 5
Suppose -5*t + 2*q - 6*q + 39474 = 0, -4 = q. What are the prime factors of t?
2, 11, 359
Let f(d) = 1 + 18 - 2*d + 0 + 24. Let x be f(11). Suppose 22*n - x*n = 249. List the prime factors of n.
3, 83
Suppose 2*i - 2 = 4*u - 12, 0 = -4*i - 20. Suppose 4*z = -k + 672, 4*k = -z - u*k + 183. List the prime factors of z.
167
Let b(k) = -k**2 - 9*k - 12. Let q = -14 - -12. Let x be b(q). Let z(s) = 53*s**2 + s. List the prime factors of z(x).
2, 107
Let y = -428 + 603. Let k = y + 285. What are the prime factors of k?
2, 5, 23
Let k(x) = 2 - 5*x + 75*x**3 + 2 + 0*x**3. Suppose -3*z - 19 = -4*u, 10*u - 13 = 7*u + 2*z. What are the prime factors of k(u)?
2, 37
Suppose 4*s + l + 16 - 63 = 0, -2*s + 3*l + 41 = 0. Suppose -9*v - 1312 = -s*v. List the prime factors of v.
2, 41
Let u be ((-120)/(-48))